s of q/9 + (-4)/18?
2
Let k = 16 - 60. Let f be (k/(-10) - 0)*5. What are the prime factors of f/6 + 2/(-3)?
3
Let b be ((-6)/(-4))/((-9)/(-96)). Suppose 3*c - 6 - 3 = -3*u, 0 = 4*u + b. List the prime factors of c.
7
Let l(n) = -19*n. What are the prime factors of l(-1)?
19
Let j = 7 + -9. Let v be (-1)/(-3 - j)*3. Suppose -v*d = 2*d - 85. List the prime factors of d.
17
Let r be ((-84)/(-24))/(1/(-2)). What are the prime factors of 29 - (-7)/(r/3)?
2, 13
List the prime factors of 49/1 - 0/3.
7
Let s(x) = -x**3 - 3*x**2 + x - 5. What are the prime factors of s(-4)?
7
Let s(g) be the second derivative of g**3/6 + 6*g**2 + 2*g. What are the prime factors of s(-10)?
2
Suppose n = -c - 0*c - 1, -3*c = -5*n - 21. Suppose 0 = -c*b + b + 4. Suppose 2*i - 5*i = -9, -5*i + 63 = b*s. List the prime factors of s.
2, 3
Suppose z - 3*f - 108 = 13, -2*z = -3*f - 254. List the prime factors of z.
7, 19
Suppose -3*l + 2*l = 19. Let c = -13 - l. What are the prime factors of c?
2, 3
Let v(p) be the second derivative of -p**3/6 - 5*p**2/2 - 6*p. What are the prime factors of v(-7)?
2
Let c be (-5)/(-4 - -3)*1. Suppose -5*d = 5*u - 20, 5*d - c*u - 1 - 49 = 0. List the prime factors of d.
7
Let d = 7 + -6. Let j = 8 + d. What are the prime factors of j?
3
Suppose 0 = -x - 3, 2*i - 3*i = -2*x - 5. Let q(h) be the third derivative of -5*h**4/12 + 19*h**2. List the prime factors of q(i).
2, 5
Suppose 0*w + 4*i = 5*w - 41, -5*i - 35 = -3*w. Suppose -s - 5*b + 7 = -17, -w*s + 3*b = -148. Let o = s - 19. What are the prime factors of o?
2, 5
Suppose 2*r + 116 = -4*c, -4*c + 3*r = -c + 78. What are the prime factors of c/10*(0 - 10)?
2, 7
Let s = -107 - -187. List the prime factors of ((-1)/(-2))/(4/s).
2, 5
Let n be 2634/42 + 4/14. Suppose -2*g = -n + 1. What are the prime factors of g?
31
Let a(l) = l**3 - 8*l**2 + 5*l + 6. Let v(n) = -1. Let u(f) = -a(f) - v(f). Suppose -2*s + 2 = -4*d, 0*s + 4*d - 19 = -s. What are the prime factors of u(s)?
3
Let x(j) = 4*j. Let i(a) = -8*a - 1. Let d(c) = -2*i(c) - 5*x(c). Suppose 4 + 1 = -n, 11 = 2*y - 3*n. What are the prime factors of d(y)?
2, 5
Let s = -13 + 18. Suppose -s*v + 57 = a, -a + 4 = a. What are the prime factors of v?
11
Suppose -2*f = 1 - 13. Let v = f - 2. Suppose 3*h + v*n - 2 = 0, h - 3*h + 3*n + 7 = 0. What are the prime factors of h?
2
Let b = -5 - -10. Let j = b + -3. What are the prime factors of 12*(0 - -3 - j)?
2, 3
Let o(r) = 8*r**2 + 3*r + 1. What are the prime factors of o(5)?
2, 3
Let y = 7 - 11. Let w = -20 + y. Let p = -10 - w. List the prime factors of p.
2, 7
Suppose 4*d = 5*d - 6. Let j be d/2 + -2 + 1. What are the prime factors of (0 - j) + (7 - -2)?
7
Suppose 4*s + 202 = -4*l - 230, 0 = -5*s + 20. List the prime factors of l/(-5) + (-4)/10.
2, 11
Suppose 5*k + 2*l - 4 = k, 5*l = -10. Suppose 2*j - k = -0*j. List the prime factors of 19/(j*(-2 + 3)).
19
Suppose 0 = -4*c + 1014 + 638. What are the prime factors of c?
7, 59
Suppose 2*o + 127 - 589 = 0. List the prime factors of o.
3, 7, 11
Let t = -7 - -16. What are the prime factors of t?
3
Let j = -5 - 3. Suppose -1 = r - 3*l + 4, 5*l = 0. Let o = r - j. What are the prime factors of o?
3
Suppose 0 = 2*y + 2*f - 22, 7*f = -3*y + 3*f + 35. Suppose 0 = h - 4*h - 4*z + 13, 3*z + y = 4*h. Suppose 25 - 7 = h*o. List the prime factors of o.
2, 3
Let b = 38 + -64. Let f = -9 - b. List the prime factors of f.
17
Suppose 2*q + 2*z - 10 = 2, -5*q + z + 42 = 0. List the prime factors of q.
2
List the prime factors of 110 + -2*(2 + -3) - -2.
2, 3, 19
Let f(o) = o**2 + 11*o + 2. Let j be f(-11). Suppose -15 = -j*y + 27. List the prime factors of y.
3, 7
Let r = 6 - 1. Suppose -i - 77 = -5*i + r*w, 0 = -i - w + 8. What are the prime factors of i?
13
Let n(q) = q**2 - 6*q - 3. Suppose 4*o - 35 = l - 6*l, -28 = -4*l - o. Let p be n(l). Suppose 2*y = p*y - 10. List the prime factors of y.
5
Let p(c) = -c**3 - 9*c**2 + 2. Let o be p(-9). Suppose -2*l = o*l - 156. List the prime factors of l.
3, 13
Let t be (-6)/(-27) + 986/18. Suppose 2 + t = 3*d. List the prime factors of d.
19
Suppose 0 + 111 = 3*b. List the prime factors of b.
37
What are the prime factors of (-20648)/(-145) - (-4)/(-10)?
2, 71
Let r = 123 + -87. Suppose -3*s = 6, -5*c + 3*s = -20 - r. What are the prime factors of c?
2, 5
Let y(c) = c**3 - 7*c**2 + 7*c - 3. Let z be y(6). What are the prime factors of (-2)/z*9/(-3)?
2
Suppose -a = -2*a + 5. Suppose -16 = -v + 3*v - 4*w, -5*v - a*w = -35. What are the prime factors of v?
2
Let w(z) = z**3 + 8*z**2 + 2. Let s be w(-8). Suppose -5*k - 2 = c, 3*c - 3*k - 30 = s*c. What are the prime factors of c?
2, 3
Suppose -4*k - 63 = -0*v + 3*v, 0 = -5*v + 3*k - 76. Let c = v - -35. List the prime factors of c.
2, 3
Suppose -5*k = 41 - 151. What are the prime factors of k?
2, 11
Let r = 50 - 27. List the prime factors of r.
23
Let g = 119 + 189. What are the prime factors of g?
2, 7, 11
Suppose c = -4, -2*r = -0*r + 4*c - 12. List the prime factors of r.
2, 7
Let r(k) = 2*k - 5. Let y(f) = 5*f - 11. Let v(o) = -9*r(o) + 4*y(o). What are the prime factors of v(7)?
3, 5
Let o be (1/1)/(1/4). Suppose 52 = o*d - 4*a, -2*d - 3*a - a = 4. Suppose 0 = -w - 4*q + d, 40 = 5*w - 4*q - q. What are the prime factors of w?
2
Let l(u) = -u - 2. Let v be l(-4). Let b(f) = 15*f - 3. What are the prime factors of b(v)?
3
Suppose -2 - 10 = -r. Suppose r = h - 10. What are the prime factors of h?
2, 11
Let d = -17 - -22. Suppose -4*s = -d*s + 48. List the prime factors of s.
2, 3
Let q(o) = 14*o**2 - 3*o - 4. List the prime factors of q(5).
331
Suppose 3*d + 131 = -2*w, 4*d - 5*w + 213 - 46 = 0. Let j = d + 60. List the prime factors of j.
17
Let r(c) be the second derivative of -c**5/4 - c**4/6 - c**3/3 + c**2/2 - 4*c. What are the prime factors of r(-2)?
37
Suppose -3*d - 4 = -13. Suppose 2*b = -d*b + 20. Suppose -5*a - 50 = -2*x - 3*x, -b*x + 5*a = -40. List the prime factors of x.
2, 5
Suppose 3*c - 26 = -4*s, -4*c = s - 0 - 13. Suppose s*i = 3*i + 4. What are the prime factors of i?
2
Let i = -74 + 125. What are the prime factors of i?
3, 17
Suppose 6 = -3*k - 6. Let t be 1/(-3) + k/(-3). List the prime factors of (2 - t) + 1*2.
3
Let u(k) = k**2 + 5. Let d be u(0). Suppose -2*w = -3*p - 72, 5*w = -p + 264 - 101. Suppose w = -2*z + d*z. What are the prime factors of z?
11
Let n = 333 + 16. What are the prime factors of n?
349
Suppose 4*a + 8 = 24. Suppose -8*m = -a*m - i - 49, m - 7 = 2*i. Suppose 3*b - m = 2*w, 0 - 1 = b + 2*w. List the prime factors of b.
3
Suppose 4*k + 0 + 2 = -3*i, 5*i + 15 = 5*k. Let p(g) = g**3 + 2*g**2 - 1. What are the prime factors of p(k)?
2
Let k(h) = -h**3 - 11 + 3*h**3 - h**3 + 9*h**2 - 13*h. Let y = 6 + -16. List the prime factors of k(y).
19
Suppose 0 = -3*d + m + 706 + 36, 2*d - 5*m - 499 = 0. What are the prime factors of d?
13, 19
Let b(s) = -s**2 + 4*s - 1. Let q be b(4). What are the prime factors of -3 + (-1 - -6) - q?
3
Let g = -9 - -6. Let y = 5 + g. Suppose 0 = y*k + 3*k - 2*s - 74, 4*k + s = 54. List the prime factors of k.
2, 7
What are the prime factors of (5/2)/(2/116)?
5, 29
List the prime factors of (-5)/(15/(-69)) + 0.
23
Let x(u) = -3*u**3 + 6*u**2 + 4*u + 7. What are the prime factors of x(-4)?
3, 31
Let d(p) = p**2 + 6*p - 10. Let c be d(-8). Let t be 3/c*(0 - 16). What are the prime factors of 1*(-3 + t/(-1))?
5
Suppose 0 = 5*p - p - 5*m - 45, 0 = -5*m - 25. Suppose p*d - 16 = 3*d. What are the prime factors of d?
2
Let d(w) = w**3 + 19*w**2 + 8*w - 14. What are the prime factors of d(-18)?
2, 83
Let u(s) = -s**2 + 15*s. List the prime factors of u(12).
2, 3
Let q = 17 + -18. Let f(y) be the first derivative of -15*y**4/4 - y**3/3 + y**2/2 + y - 1. What are the prime factors of f(q)?
2, 7
Let z be 3 - 0/(1/1). Suppose -n + z = -5. What are the prime factors of n?
2
Let v(d) = 3*d + 1 + d - 2 + 2*d. What are the prime factors of v(2)?
11
Let s be (-1)/2 + 9/2. Let w(j) = -j + 6. Let a be w(s). Suppose a*x + 7 = 23. List the prime factors of x.
2
Let d be (0/1)/(1 - -1). Suppose 3*h + d*b - 5*b - 5 = 0, h + 5 = 5*b. What are the prime factors of h?
5
List the prime factors of 258/4*(-64)/(-48) - 2.
2, 3, 7
Let m = -16 + 28. Let j = m - 6. Let n = j + 2. What are the prime factors of n?
2
Let g(r) = 17*r - 1. What are